er when 10487 is divided by 2621?
3
Calculate the remainder when 45573 is divided by 36.
33
Calculate the remainder when 5096 is divided by 345.
266
What is the remainder when 46489 is divided by 4640?
89
What is the remainder when 1042698 is divided by 50?
48
What is the remainder when 81318 is divided by 8?
6
Calculate the remainder when 610 is divided by 606.
4
What is the remainder when 1999056 is divided by 666347?
15
What is the remainder when 12357 is divided by 98?
9
What is the remainder when 68324 is divided by 146?
142
What is the remainder when 15276 is divided by 285?
171
What is the remainder when 70705 is divided by 187?
19
Calculate the remainder when 11419 is divided by 15.
4
What is the remainder when 3070 is divided by 1022?
4
Calculate the remainder when 23832 is divided by 2173.
2102
What is the remainder when 6168 is divided by 1233?
3
What is the remainder when 2674102 is divided by 536?
534
Calculate the remainder when 4147 is divided by 2036.
75
Calculate the remainder when 78660 is divided by 226.
12
What is the remainder when 27377 is divided by 171?
17
What is the remainder when 39079 is divided by 33?
7
What is the remainder when 996729 is divided by 14?
13
What is the remainder when 7359 is divided by 272?
15
Calculate the remainder when 13668 is divided by 105.
18
Calculate the remainder when 29312 is divided by 9759.
35
Calculate the remainder when 1363 is divided by 198.
175
Calculate the remainder when 14689 is divided by 113.
112
What is the remainder when 13686 is divided by 25?
11
What is the remainder when 11449 is divided by 49?
32
What is the remainder when 145144 is divided by 9?
1
What is the remainder when 17106 is divided by 119?
89
What is the remainder when 42732 is divided by 5341?
4
Calculate the remainder when 950788 is divided by 15.
13
What is the remainder when 783 is divided by 247?
42
What is the remainder when 139 is divided by 29?
23
Calculate the remainder when 30280 is divided by 5.
0
Calculate the remainder when 22601 is divided by 6.
5
What is the remainder when 24753 is divided by 113?
6
Calculate the remainder when 301812 is divided by 150903.
6
Calculate the remainder when 29079 is divided by 40.
39
What is the remainder when 676458 is divided by 41?
40
What is the remainder when 131919 is divided by 349?
346
Calculate the remainder when 3207 is divided by 13.
9
What is the remainder when 3033 is divided by 271?
52
What is the remainder when 78334 is divided by 123?
106
What is the remainder when 440 is divided by 100?
40
What is the remainder when 19148 is divided by 2167?
1812
What is the remainder when 8223 is divided by 22?
17
What is the remainder when 566 is divided by 395?
171
Calculate the remainder when 29912 is divided by 169.
168
Calculate the remainder when 5071 is divided by 444.
187
Calculate the remainder when 58000 is divided by 175.
75
What is the remainder when 6842 is divided by 526?
4
Calculate the remainder when 124918 is divided by 2117.
15
Calculate the remainder when 228720 is divided by 6181.
23
Calculate the remainder when 11802 is divided by 2019.
1707
What is the remainder when 1485 is divided by 1406?
79
What is the remainder when 3527 is divided by 84?
83
What is the remainder when 19356 is divided by 9330?
696
What is the remainder when 500371 is divided by 2085?
2056
What is the remainder when 53357 is divided by 26673?
11
Calculate the remainder when 162369 is divided by 162365.
4
Calculate the remainder when 32484 is divided by 18.
12
Calculate the remainder when 15420 is divided by 1781.
1172
Calculate the remainder when 505637 is divided by 10.
7
Calculate the remainder when 292927 is divided by 205.
187
What is the remainder when 565 is divided by 316?
249
What is the remainder when 521 is divided by 166?
23
What is the remainder when 7550 is divided by 1492?
90
Calculate the remainder when 5217 is divided by 380.
277
What is the remainder when 5202899 is divided by 1269?
1268
What is the remainder when 68440 is divided by 22?
20
Calculate the remainder when 1635089 is divided by 386.
379
Calculate the remainder when 58079 is divided by 14474.
183
Calculate the remainder when 2041169 is divided by 570.
569
What is the remainder when 22243 is divided by 1439?
658
Calculate the remainder when 1134 is divided by 1048.
86
What is the remainder when 3617 is divided by 43?
5
What is the remainder when 152533 is divided by 526?
519
What is the remainder when 1488 is divided by 409?
261
What is the remainder when 21533 is divided by 46?
5
Calculate the remainder when 56795 is divided by 32.
27
What is the remainder when 24776 is divided by 35?
31
Calculate the remainder when 42635 is divided by 38.
37
Calculate the remainder when 167962 is divided by 183.
151
Calculate the remainder when 9942 is divided by 63.
51
Calculate the remainder when 294615 is divided by 496.
487
What is the remainder when 41681 is divided by 372?
17
What is the remainder when 1151 is divided by 123?
44
Calculate the remainder when 51768 is divided by 43.
39
What is the remainder when 4678 is divided by 425?
3
Calculate the remainder when 8178 is divided by 292.
2
Calculate the remainder when 3192857 is divided by 92.
89
What is the remainder when 7131 is divided by 713?
1
Calculate the remainder when 58246 is divided by 1713.
4
What is the remainder when 298636 is divided by 213?
10
Calculate the remainder when 13517 is divided by 3069.
1241
Calculate the remainder when 491125 is divided by 88.
85
What is the remainder when 4101 is divided by 19?
16
Calculate the remainder when 1484 is divided by 66.
32
What is the remainder when 9610 is divided by 316?
130
What is the remainder when 35904 is divided by 39?
24
Calculate the remainder when 18800 is divided by 18767.
33
Calculate the remainder when 20248 is divided by 5060.
8
Calculate the remainder when 412305 is divided by 9.
6
What is the remainder when 3626 is divided by 39?
38
What is the remainder when 1564 is divided by 592?
380
Calculate the remainder when 22032 is divided by 1487.
1214
Calculate the remainder when 26137 is divided by 10.
7
Calculate the remainder when 360529 is divided by 18.
7
What is the remainder when 1065 is divided by 859?
206
What is the remainder when 245646 is divided by 1445?
1441
What is the remainder when 2362321 is divided by 35?
31
Calculate the remainder when 27677 is divided by 2.
1
What is the remainder when 46237 is divided by 46226?
11
What is the remainder when 6680 is divided by 457?
282
What is the remainder when 8547 is divided by 8533?
14
Calculate the remainder when 10879 is divided by 167.
24
What is the remainder when 46104 is divided by 15363?
15
Calculate the remainder when 51687 is divided by 278.
257
What is the remainder when 52475 is divided by 149?
27
What is the remainder when 9753 is divided by 23?
1
Calculate the remainder when 34547 is divided by 203.
37
Calculate the remainder when 867 is divided by 365.
137
Calculate the remainder when 432566 is divided by 3.
2
Calculate the remainder when 15558 is divided by 218.
80
What is the remainder when 7258 is divided by 3553?
152
Calculate the remainder when 11340 is divided by 107.
105
What is the remainder when 10691 is divided by 115?
111
What is the remainder when 2435 is divided by 1146?
143
What is the remainder when 16794 is divided by 52?
50
What is the remainder when 1456248 is divided by 19?
12
Calculate the remainder when 141569 is divided by 22.
21
What is the remainder when 177838 is divided by 260?
258
Calculate the remainder when 164561 is divided by 159.
155
What is the remainder when 191032 is divided by 382?
32
Calculate the remainder when 47173 is divided by 111.
109
Calculate the remainder when 1406 is divided by 9.
2
Calculate the remainder when 7985 is divided by 49.
47
Calculate the remainder when 123902 is divided by 386.
382
Calculate the remainder when 29002 is divided by 9647.
61
What is the remainder when 598 is divided by 19?
9
What is the remainder when 2523 is divided by 1261?
1
What is the remainder when 33319 is divided by 40?
39
Calculate the remainder when 3524 is divided by 107.
100
What is the remainder when 12818 is divided by 12301?
517
What is the remainder when 60890 is divided 